{"id":294,"date":"2023-03-24T15:15:24","date_gmt":"2023-03-24T15:15:24","guid":{"rendered":"https:\/\/growtalent.cl\/?page_id=294"},"modified":"2023-04-19T19:00:42","modified_gmt":"2023-04-19T19:00:42","slug":"capacitacion","status":"publish","type":"page","link":"https:\/\/growtalent.cl\/index.php\/capacitacion\/","title":{"rendered":"Capacitaci\u00f3n"},"content":{"rendered":"\t\t<div data-elementor-type=\"wp-page\" data-elementor-id=\"294\" class=\"elementor elementor-294\" data-elementor-post-type=\"page\">\n\t\t\t\t\t\t<section class=\"elementor-section elementor-top-section elementor-element elementor-element-6bdc687 elementor-section-boxed elementor-section-height-default elementor-section-height-default\" data-id=\"6bdc687\" data-element_type=\"section\" data-e-type=\"section\" data-settings=\"{&quot;background_background&quot;:&quot;slideshow&quot;,&quot;background_slideshow_gallery&quot;:[{&quot;id&quot;:169,&quot;url&quot;:&quot;https:\\\/\\\/growtalent.cl\\\/wp-content\\\/uploads\\\/2023\\\/03\\\/dc7eca5bb28a9adafe12b82821cf2961-scaled.jpg&quot;}],&quot;background_slideshow_loop&quot;:&quot;yes&quot;,&quot;background_slideshow_slide_duration&quot;:5000,&quot;background_slideshow_slide_transition&quot;:&quot;fade&quot;,&quot;background_slideshow_transition_duration&quot;:500}\">\n\t\t\t\t\t\t\t<div class=\"elementor-background-overlay\"><\/div>\n\t\t\t\t\t\t\t<div class=\"elementor-container elementor-column-gap-default\">\n\t\t\t\t\t<div class=\"elementor-column elementor-col-100 elementor-top-column elementor-element elementor-element-75190af\" data-id=\"75190af\" data-element_type=\"column\" data-e-type=\"column\">\n\t\t\t<div class=\"elementor-widget-wrap\">\n\t\t\t\t\t\t\t<\/div>\n\t\t<\/div>\n\t\t\t\t\t<\/div>\n\t\t<\/section>\n\t\t\t\t<section class=\"elementor-section elementor-top-section elementor-element elementor-element-54f4aa22 elementor-section-full_width elementor-section-height-default elementor-section-height-default\" data-id=\"54f4aa22\" data-element_type=\"section\" data-e-type=\"section\">\n\t\t\t\t\t\t<div class=\"elementor-container elementor-column-gap-default\">\n\t\t\t\t\t<div class=\"elementor-column elementor-col-100 elementor-top-column elementor-element elementor-element-21904d1\" data-id=\"21904d1\" data-element_type=\"column\" data-e-type=\"column\">\n\t\t\t<div class=\"elementor-widget-wrap elementor-element-populated\">\n\t\t\t\t\t\t<section class=\"elementor-section elementor-inner-section elementor-element elementor-element-31390b69 elementor-section-boxed elementor-section-height-default elementor-section-height-default\" data-id=\"31390b69\" data-element_type=\"section\" data-e-type=\"section\">\n\t\t\t\t\t\t<div class=\"elementor-container elementor-column-gap-default\">\n\t\t\t\t\t<div class=\"elementor-column elementor-col-100 elementor-inner-column elementor-element elementor-element-3cce53f1\" data-id=\"3cce53f1\" data-element_type=\"column\" data-e-type=\"column\">\n\t\t\t<div class=\"elementor-widget-wrap elementor-element-populated\">\n\t\t\t\t\t\t<div class=\"elementor-element elementor-element-1d3b22b2 elementor-drop-cap-yes elementor-drop-cap-view-default elementor-widget elementor-widget-text-editor\" data-id=\"1d3b22b2\" data-element_type=\"widget\" data-e-type=\"widget\" data-settings=\"{&quot;drop_cap&quot;:&quot;yes&quot;}\" data-widget_type=\"text-editor.default\">\n\t\t\t\t<div class=\"elementor-widget-container\">\n\t\t\t\t\t\t\t\t\t<p><\/p>\n<p><\/p>\n<p><\/p>\n<h4 class=\"wp-block-heading\">Capacitaci\u00f3n<\/h4>\n<p><\/p>\n<p>Contamos con diversos Programas, Talleres y Workshops, orientados a realizar jornadas de trabajo convergentes con los objetivos que requiere espec\u00edficamente cada cliente, en contextos seguros, motivadores e integradores para el desarrollo de habilidades y destrezas que refuercen las habilidades que permitan contar con una mayor ventaja competitiva y de liderazgo personal.<\/p>\n<p>Nuestro objetivo es el alineamiento a trav\u00e9s de un aprendizaje experiencial en donde las actividades grupales buscan un alto impacto a trav\u00e9s de din\u00e1micas donde interact\u00faan y comparten experiencias de su propia realidad laboral.<\/p>\n<p><strong>Alguno de nuestros talleres:<\/strong><br>\u2022 Workshop, convenciones, alineamiento de gerencia<br>\u2022 Liderazgo<br>\u2022 Trabajo de Equipo<br>\u2022 Relaciones Interpersonales<br>\u2022 Modelos de RR.HH.<br>\u2022 Compromiso y Clima<br>\u2022 Motivaci\u00f3n<br>\u2022 Comunicaci\u00f3n<\/p>\n<p><\/p>\t\t\t\t\t\t\t\t<\/div>\n\t\t\t\t<\/div>\n\t\t\t\t\t<\/div>\n\t\t<\/div>\n\t\t\t\t\t<\/div>\n\t\t<\/section>\n\t\t\t\t\t<\/div>\n\t\t<\/div>\n\t\t\t\t\t<\/div>\n\t\t<\/section>\n\t\t\t\t<\/div>\n\t\t","protected":false},"excerpt":{"rendered":"<p>Capacitaci\u00f3n Contamos con diversos Programas, Talleres y Workshops, orientados a realizar jornadas de trabajo convergentes con los objetivos que requiere espec\u00edficamente cada cliente, en contextos seguros, motivadores e integradores para el desarrollo de habilidades y destrezas que refuercen las habilidades que permitan contar con una mayor ventaja competitiva y de liderazgo personal. Nuestro objetivo es [&hellip;]<\/p>\n","protected":false},"author":1,"featured_media":0,"parent":0,"menu_order":0,"comment_status":"closed","ping_status":"closed","template":"","meta":{"footnotes":""},"class_list":["post-294","page","type-page","status-publish","hentry"],"_links":{"self":[{"href":"https:\/\/growtalent.cl\/index.php\/wp-json\/wp\/v2\/pages\/294","targetHints":{"allow":["GET"]}}],"collection":[{"href":"https:\/\/growtalent.cl\/index.php\/wp-json\/wp\/v2\/pages"}],"about":[{"href":"https:\/\/growtalent.cl\/index.php\/wp-json\/wp\/v2\/types\/page"}],"author":[{"embeddable":true,"href":"https:\/\/growtalent.cl\/index.php\/wp-json\/wp\/v2\/users\/1"}],"replies":[{"embeddable":true,"href":"https:\/\/growtalent.cl\/index.php\/wp-json\/wp\/v2\/comments?post=294"}],"version-history":[{"count":13,"href":"https:\/\/growtalent.cl\/index.php\/wp-json\/wp\/v2\/pages\/294\/revisions"}],"predecessor-version":[{"id":583,"href":"https:\/\/growtalent.cl\/index.php\/wp-json\/wp\/v2\/pages\/294\/revisions\/583"}],"wp:attachment":[{"href":"https:\/\/growtalent.cl\/index.php\/wp-json\/wp\/v2\/media?parent=294"}],"curies":[{"name":"wp","href":"https:\/\/api.w.org\/{rel}","templated":true}]}}