{"id":276,"date":"2023-03-24T15:08:58","date_gmt":"2023-03-24T15:08:58","guid":{"rendered":"https:\/\/growtalent.cl\/?page_id=276"},"modified":"2023-04-19T18:56:46","modified_gmt":"2023-04-19T18:56:46","slug":"desarrollo-organizacional","status":"publish","type":"page","link":"https:\/\/growtalent.cl\/index.php\/desarrollo-organizacional\/","title":{"rendered":"Desarrollo Organizacional"},"content":{"rendered":"\t\t<div data-elementor-type=\"wp-page\" data-elementor-id=\"276\" class=\"elementor elementor-276\" data-elementor-post-type=\"page\">\n\t\t\t\t\t\t<section class=\"elementor-section elementor-top-section elementor-element elementor-element-6005688 elementor-section-boxed elementor-section-height-default elementor-section-height-default\" data-id=\"6005688\" data-element_type=\"section\" data-e-type=\"section\" data-settings=\"{&quot;background_background&quot;:&quot;slideshow&quot;,&quot;background_slideshow_gallery&quot;:[{&quot;id&quot;:169,&quot;url&quot;:&quot;https:\\\/\\\/growtalent.cl\\\/wp-content\\\/uploads\\\/2023\\\/03\\\/dc7eca5bb28a9adafe12b82821cf2961-scaled.jpg&quot;}],&quot;background_slideshow_loop&quot;:&quot;yes&quot;,&quot;background_slideshow_slide_duration&quot;:5000,&quot;background_slideshow_slide_transition&quot;:&quot;fade&quot;,&quot;background_slideshow_transition_duration&quot;:500}\">\n\t\t\t\t\t\t\t<div class=\"elementor-background-overlay\"><\/div>\n\t\t\t\t\t\t\t<div class=\"elementor-container elementor-column-gap-default\">\n\t\t\t\t\t<div class=\"elementor-column elementor-col-100 elementor-top-column elementor-element elementor-element-6a5b26b\" data-id=\"6a5b26b\" data-element_type=\"column\" data-e-type=\"column\">\n\t\t\t<div class=\"elementor-widget-wrap\">\n\t\t\t\t\t\t\t<\/div>\n\t\t<\/div>\n\t\t\t\t\t<\/div>\n\t\t<\/section>\n\t\t\t\t<section class=\"elementor-section elementor-top-section elementor-element elementor-element-5741a660 elementor-section-full_width elementor-section-height-default elementor-section-height-default\" data-id=\"5741a660\" data-element_type=\"section\" data-e-type=\"section\">\n\t\t\t\t\t\t<div class=\"elementor-container elementor-column-gap-default\">\n\t\t\t\t\t<div class=\"elementor-column elementor-col-100 elementor-top-column elementor-element elementor-element-54e23377\" data-id=\"54e23377\" data-element_type=\"column\" data-e-type=\"column\">\n\t\t\t<div class=\"elementor-widget-wrap elementor-element-populated\">\n\t\t\t\t\t\t<section class=\"elementor-section elementor-inner-section elementor-element elementor-element-2c75cdb9 elementor-section-boxed elementor-section-height-default elementor-section-height-default\" data-id=\"2c75cdb9\" data-element_type=\"section\" data-e-type=\"section\">\n\t\t\t\t\t\t<div class=\"elementor-container elementor-column-gap-default\">\n\t\t\t\t\t<div class=\"elementor-column elementor-col-100 elementor-inner-column elementor-element elementor-element-2e4e7d27\" data-id=\"2e4e7d27\" data-element_type=\"column\" data-e-type=\"column\">\n\t\t\t<div class=\"elementor-widget-wrap elementor-element-populated\">\n\t\t\t\t\t\t<div class=\"elementor-element elementor-element-389b478b elementor-drop-cap-yes elementor-drop-cap-view-default elementor-widget elementor-widget-text-editor\" data-id=\"389b478b\" data-element_type=\"widget\" data-e-type=\"widget\" data-settings=\"{&quot;drop_cap&quot;:&quot;yes&quot;}\" data-widget_type=\"text-editor.default\">\n\t\t\t\t<div class=\"elementor-widget-container\">\n\t\t\t\t\t\t\t\t\t<p><\/p>\n<p><\/p>\n<p><\/p>\n<p><\/p>\n<p><\/p>\n<h4 class=\"wp-block-heading\">Desarrollo Organizacional<\/h4>\n<p><\/p>\n<p><\/p>\n<p>Poseemos experiencia especializada en procesos de asesor\u00edas para empresas en la evaluaci\u00f3n, construcci\u00f3n y diagn\u00f3stico de las sub\u00e1reas.<\/p>\n<p>Utilizamos herramientas y metodolog\u00edas que permiten apoyar a las organizaciones en el afrontamiento a nuevos desaf\u00edos y cambios.<\/p>\n<p>Requieres de:<\/p>\n<ul class=\"wp-block-list\">\n<li>Levantamiento de Perfiles por Competencia<\/li>\n<li>Levantamiento de Perfiles de Cargo<\/li>\n<li>Creaci\u00f3n y desarrollo de Diccionario de Competencias<\/li>\n<li>Evaluaci\u00f3n de Desempe\u00f1o<\/li>\n<li>Planes de acci\u00f3n por Evaluaci\u00f3n Riesgo Psicosocial CEAL- SM SUSESO (ex ISTAS)<\/li>\n<li>Evaluaci\u00f3n de Clima Laboral<\/li>\n<li>Proceso de Gesti\u00f3n del Cambio<\/li>\n<li>Estudio de Renta o Bandas Salariales<\/li>\n<li>Evaluaci\u00f3n Cliente Inc\u00f3gnito<\/li>\n<li>Diagn\u00f3stico Organizacional<\/li>\n<\/ul>\n<p><\/p>\t\t\t\t\t\t\t\t<\/div>\n\t\t\t\t<\/div>\n\t\t\t\t\t<\/div>\n\t\t<\/div>\n\t\t\t\t\t<\/div>\n\t\t<\/section>\n\t\t\t\t\t<\/div>\n\t\t<\/div>\n\t\t\t\t\t<\/div>\n\t\t<\/section>\n\t\t\t\t<\/div>\n\t\t","protected":false},"excerpt":{"rendered":"<p>Desarrollo Organizacional Poseemos experiencia especializada en procesos de asesor\u00edas para empresas en la evaluaci\u00f3n, construcci\u00f3n y diagn\u00f3stico de las sub\u00e1reas. Utilizamos herramientas y metodolog\u00edas que permiten apoyar a las organizaciones en el afrontamiento a nuevos desaf\u00edos y cambios. Requieres de: Levantamiento de Perfiles por Competencia Levantamiento de Perfiles de Cargo Creaci\u00f3n y desarrollo de Diccionario [&hellip;]<\/p>\n","protected":false},"author":1,"featured_media":0,"parent":0,"menu_order":0,"comment_status":"closed","ping_status":"closed","template":"","meta":{"footnotes":""},"class_list":["post-276","page","type-page","status-publish","hentry"],"_links":{"self":[{"href":"https:\/\/growtalent.cl\/index.php\/wp-json\/wp\/v2\/pages\/276","targetHints":{"allow":["GET"]}}],"collection":[{"href":"https:\/\/growtalent.cl\/index.php\/wp-json\/wp\/v2\/pages"}],"about":[{"href":"https:\/\/growtalent.cl\/index.php\/wp-json\/wp\/v2\/types\/page"}],"author":[{"embeddable":true,"href":"https:\/\/growtalent.cl\/index.php\/wp-json\/wp\/v2\/users\/1"}],"replies":[{"embeddable":true,"href":"https:\/\/growtalent.cl\/index.php\/wp-json\/wp\/v2\/comments?post=276"}],"version-history":[{"count":16,"href":"https:\/\/growtalent.cl\/index.php\/wp-json\/wp\/v2\/pages\/276\/revisions"}],"predecessor-version":[{"id":571,"href":"https:\/\/growtalent.cl\/index.php\/wp-json\/wp\/v2\/pages\/276\/revisions\/571"}],"wp:attachment":[{"href":"https:\/\/growtalent.cl\/index.php\/wp-json\/wp\/v2\/media?parent=276"}],"curies":[{"name":"wp","href":"https:\/\/api.w.org\/{rel}","templated":true}]}}