{"id":266,"date":"2023-03-24T15:00:20","date_gmt":"2023-03-24T15:00:20","guid":{"rendered":"https:\/\/growtalent.cl\/?page_id=266"},"modified":"2023-04-05T15:16:06","modified_gmt":"2023-04-05T15:16:06","slug":"orientacion-vocacional","status":"publish","type":"page","link":"https:\/\/growtalent.cl\/index.php\/orientacion-vocacional\/","title":{"rendered":"Orientaci\u00f3n Vocacional"},"content":{"rendered":"\t\t<div data-elementor-type=\"wp-page\" data-elementor-id=\"266\" class=\"elementor elementor-266\" data-elementor-post-type=\"page\">\n\t\t\t\t\t\t<section class=\"elementor-section elementor-top-section elementor-element elementor-element-5133896 elementor-section-boxed elementor-section-height-default elementor-section-height-default\" data-id=\"5133896\" data-element_type=\"section\" data-e-type=\"section\" data-settings=\"{&quot;background_background&quot;:&quot;slideshow&quot;,&quot;background_slideshow_gallery&quot;:[{&quot;id&quot;:169,&quot;url&quot;:&quot;https:\\\/\\\/growtalent.cl\\\/wp-content\\\/uploads\\\/2023\\\/03\\\/dc7eca5bb28a9adafe12b82821cf2961-scaled.jpg&quot;}],&quot;background_slideshow_loop&quot;:&quot;yes&quot;,&quot;background_slideshow_slide_duration&quot;:5000,&quot;background_slideshow_slide_transition&quot;:&quot;fade&quot;,&quot;background_slideshow_transition_duration&quot;:500}\">\n\t\t\t\t\t\t\t<div class=\"elementor-background-overlay\"><\/div>\n\t\t\t\t\t\t\t<div class=\"elementor-container elementor-column-gap-default\">\n\t\t\t\t\t<div class=\"elementor-column elementor-col-100 elementor-top-column elementor-element elementor-element-3a3e530\" data-id=\"3a3e530\" data-element_type=\"column\" data-e-type=\"column\">\n\t\t\t<div class=\"elementor-widget-wrap\">\n\t\t\t\t\t\t\t<\/div>\n\t\t<\/div>\n\t\t\t\t\t<\/div>\n\t\t<\/section>\n\t\t\t\t<section class=\"elementor-section elementor-top-section elementor-element elementor-element-2fc4d048 elementor-section-full_width elementor-section-height-default elementor-section-height-default\" data-id=\"2fc4d048\" data-element_type=\"section\" data-e-type=\"section\">\n\t\t\t\t\t\t<div class=\"elementor-container elementor-column-gap-default\">\n\t\t\t\t\t<div class=\"elementor-column elementor-col-100 elementor-top-column elementor-element elementor-element-453012b\" data-id=\"453012b\" data-element_type=\"column\" data-e-type=\"column\">\n\t\t\t<div class=\"elementor-widget-wrap elementor-element-populated\">\n\t\t\t\t\t\t<section class=\"elementor-section elementor-inner-section elementor-element elementor-element-43bc08a5 elementor-section-boxed elementor-section-height-default elementor-section-height-default\" data-id=\"43bc08a5\" data-element_type=\"section\" data-e-type=\"section\" data-settings=\"{&quot;background_background&quot;:&quot;classic&quot;}\">\n\t\t\t\t\t\t<div class=\"elementor-container elementor-column-gap-default\">\n\t\t\t\t\t<div class=\"elementor-column elementor-col-100 elementor-inner-column elementor-element elementor-element-26b3ce7b\" data-id=\"26b3ce7b\" data-element_type=\"column\" data-e-type=\"column\">\n\t\t\t<div class=\"elementor-widget-wrap\">\n\t\t\t\t\t\t\t<\/div>\n\t\t<\/div>\n\t\t\t\t\t<\/div>\n\t\t<\/section>\n\t\t\t\t<section class=\"elementor-section elementor-inner-section elementor-element elementor-element-7663aa41 elementor-section-boxed elementor-section-height-default elementor-section-height-default\" data-id=\"7663aa41\" data-element_type=\"section\" data-e-type=\"section\">\n\t\t\t\t\t\t<div class=\"elementor-container elementor-column-gap-default\">\n\t\t\t\t\t<div class=\"elementor-column elementor-col-100 elementor-inner-column elementor-element elementor-element-7501928e\" data-id=\"7501928e\" data-element_type=\"column\" data-e-type=\"column\">\n\t\t\t<div class=\"elementor-widget-wrap elementor-element-populated\">\n\t\t\t\t\t\t<div class=\"elementor-element elementor-element-1f86ad6c elementor-drop-cap-yes elementor-drop-cap-view-default elementor-widget elementor-widget-text-editor\" data-id=\"1f86ad6c\" data-element_type=\"widget\" data-e-type=\"widget\" data-settings=\"{&quot;drop_cap&quot;:&quot;yes&quot;}\" data-widget_type=\"text-editor.default\">\n\t\t\t\t<div class=\"elementor-widget-container\">\n\t\t\t\t\t\t\t\t\t<p><\/p>\n<p><\/p>\n<p><\/p>\n<h4 class=\"wp-block-heading\">Orientaci\u00f3n Vocacional<\/h4>\n<p><\/p>\n<p>Apoyando a instituciones educacionales que necesiten orientar a sus alumnos y alumnas sobre su futuro o, si eres padre y quieres canalizar las inquietudes de tus hijos, \u00e9sta es tu herramienta.<\/p>\n<p>El Reporte de Orientaci\u00f3n Vocacional es un informe que contiene informaci\u00f3n que ayuda a tomar decisiones con respecto al futuro acad\u00e9mico y profesional de estudiantes.<\/p>\n<p><strong>\u00bfCu\u00e1les son sus caracter\u00edsticas?<\/strong><\/p>\n<ul class=\"wp-block-list\">\n<li>Permite al alumno en un test de corta duraci\u00f3n, conocerse bien para as\u00ed poder orientar su decisi\u00f3n acad\u00e9mica y profesional.<\/li>\n<li>Entrega informaci\u00f3n orientativa, pero no concluyente.<\/li>\n<\/ul>\n<p>\u00a0<\/p>\n<p><strong>\u00bfQu\u00e9 mide?<\/strong><\/p>\n<ul>\n<li>Perfil personal, \u00bfqui\u00e9n soy?<\/li>\n<li>Habilidades, \u00bfen qu\u00e9 soy bueno(a)?<\/li>\n<li>Preferencias, \u00bfqu\u00e9 me interesa?<\/li>\n<li>Perfil de carreras, \u00bfqu\u00e9 podr\u00eda estudiar?<\/li>\n<\/ul>\n<p><\/p>\t\t\t\t\t\t\t\t<\/div>\n\t\t\t\t<\/div>\n\t\t\t\t\t<\/div>\n\t\t<\/div>\n\t\t\t\t\t<\/div>\n\t\t<\/section>\n\t\t\t\t\t<\/div>\n\t\t<\/div>\n\t\t\t\t\t<\/div>\n\t\t<\/section>\n\t\t\t\t<\/div>\n\t\t","protected":false},"excerpt":{"rendered":"<p>Orientaci\u00f3n Vocacional Apoyando a instituciones educacionales que necesiten orientar a sus alumnos y alumnas sobre su futuro o, si eres padre y quieres canalizar las inquietudes de tus hijos, \u00e9sta es tu herramienta. El Reporte de Orientaci\u00f3n Vocacional es un informe que contiene informaci\u00f3n que ayuda a tomar decisiones con respecto al futuro acad\u00e9mico y [&hellip;]<\/p>\n","protected":false},"author":1,"featured_media":0,"parent":0,"menu_order":0,"comment_status":"closed","ping_status":"closed","template":"","meta":{"footnotes":""},"class_list":["post-266","page","type-page","status-publish","hentry"],"_links":{"self":[{"href":"https:\/\/growtalent.cl\/index.php\/wp-json\/wp\/v2\/pages\/266","targetHints":{"allow":["GET"]}}],"collection":[{"href":"https:\/\/growtalent.cl\/index.php\/wp-json\/wp\/v2\/pages"}],"about":[{"href":"https:\/\/growtalent.cl\/index.php\/wp-json\/wp\/v2\/types\/page"}],"author":[{"embeddable":true,"href":"https:\/\/growtalent.cl\/index.php\/wp-json\/wp\/v2\/users\/1"}],"replies":[{"embeddable":true,"href":"https:\/\/growtalent.cl\/index.php\/wp-json\/wp\/v2\/comments?post=266"}],"version-history":[{"count":10,"href":"https:\/\/growtalent.cl\/index.php\/wp-json\/wp\/v2\/pages\/266\/revisions"}],"predecessor-version":[{"id":450,"href":"https:\/\/growtalent.cl\/index.php\/wp-json\/wp\/v2\/pages\/266\/revisions\/450"}],"wp:attachment":[{"href":"https:\/\/growtalent.cl\/index.php\/wp-json\/wp\/v2\/media?parent=266"}],"curies":[{"name":"wp","href":"https:\/\/api.w.org\/{rel}","templated":true}]}}