{"id":261,"date":"2023-03-24T14:58:01","date_gmt":"2023-03-24T14:58:01","guid":{"rendered":"https:\/\/growtalent.cl\/?page_id=261"},"modified":"2023-04-19T18:54:10","modified_gmt":"2023-04-19T18:54:10","slug":"asesoria-de-empleabilidad","status":"publish","type":"page","link":"https:\/\/growtalent.cl\/index.php\/asesoria-de-empleabilidad\/","title":{"rendered":"Asesor\u00eda de Empleabilidad"},"content":{"rendered":"\t\t<div data-elementor-type=\"wp-page\" data-elementor-id=\"261\" class=\"elementor elementor-261\" data-elementor-post-type=\"page\">\n\t\t\t\t\t\t<section class=\"elementor-section elementor-top-section elementor-element elementor-element-f28885b elementor-section-boxed elementor-section-height-default elementor-section-height-default\" data-id=\"f28885b\" data-element_type=\"section\" data-e-type=\"section\" data-settings=\"{&quot;background_background&quot;:&quot;slideshow&quot;,&quot;background_slideshow_gallery&quot;:[{&quot;id&quot;:169,&quot;url&quot;:&quot;https:\\\/\\\/growtalent.cl\\\/wp-content\\\/uploads\\\/2023\\\/03\\\/dc7eca5bb28a9adafe12b82821cf2961-scaled.jpg&quot;}],&quot;background_slideshow_loop&quot;:&quot;yes&quot;,&quot;background_slideshow_slide_duration&quot;:5000,&quot;background_slideshow_slide_transition&quot;:&quot;fade&quot;,&quot;background_slideshow_transition_duration&quot;:500}\">\n\t\t\t\t\t\t\t<div class=\"elementor-background-overlay\"><\/div>\n\t\t\t\t\t\t\t<div class=\"elementor-container elementor-column-gap-default\">\n\t\t\t\t\t<div class=\"elementor-column elementor-col-100 elementor-top-column elementor-element elementor-element-ae012a0\" data-id=\"ae012a0\" data-element_type=\"column\" data-e-type=\"column\">\n\t\t\t<div class=\"elementor-widget-wrap\">\n\t\t\t\t\t\t\t<\/div>\n\t\t<\/div>\n\t\t\t\t\t<\/div>\n\t\t<\/section>\n\t\t\t\t<section class=\"elementor-section elementor-top-section elementor-element elementor-element-7c441adf elementor-section-full_width elementor-section-height-default elementor-section-height-default\" data-id=\"7c441adf\" data-element_type=\"section\" data-e-type=\"section\">\n\t\t\t\t\t\t<div class=\"elementor-container elementor-column-gap-default\">\n\t\t\t\t\t<div class=\"elementor-column elementor-col-100 elementor-top-column elementor-element elementor-element-61605301\" data-id=\"61605301\" data-element_type=\"column\" data-e-type=\"column\">\n\t\t\t<div class=\"elementor-widget-wrap elementor-element-populated\">\n\t\t\t\t\t\t<section class=\"elementor-section elementor-inner-section elementor-element elementor-element-5ba4126 elementor-section-boxed elementor-section-height-default elementor-section-height-default\" data-id=\"5ba4126\" data-element_type=\"section\" data-e-type=\"section\">\n\t\t\t\t\t\t<div class=\"elementor-container elementor-column-gap-default\">\n\t\t\t\t\t<div class=\"elementor-column elementor-col-100 elementor-inner-column elementor-element elementor-element-12000e12\" data-id=\"12000e12\" data-element_type=\"column\" data-e-type=\"column\">\n\t\t\t<div class=\"elementor-widget-wrap elementor-element-populated\">\n\t\t\t\t\t\t<div class=\"elementor-element elementor-element-333dc0e4 elementor-drop-cap-yes elementor-drop-cap-view-default elementor-widget elementor-widget-text-editor\" data-id=\"333dc0e4\" data-element_type=\"widget\" data-e-type=\"widget\" data-settings=\"{&quot;drop_cap&quot;:&quot;yes&quot;}\" data-widget_type=\"text-editor.default\">\n\t\t\t\t<div class=\"elementor-widget-container\">\n\t\t\t\t\t\t\t\t\t<p><\/p>\n<p><\/p>\n<p><\/p>\n<h4 class=\"wp-block-heading\">Asesor\u00eda de Empleabilidad<\/h4>\n<p><\/p>\n<p>Las contingencias pueden ser una oportunidad, prep\u00e1rate para un cambio laboral.<\/p>\n<p>Entregamos asesor\u00eda, apoyo y orientaci\u00f3n a las personas que est\u00e1n pensando en incorporarse en el mercado laboral y desean fortalecer su imagen. De igual forma, se orienta a quienes se encuentran en transici\u00f3n laboral. Nuestro programa busca acompa\u00f1ar, tanto a profesionales que cambian por primera vez de organizaci\u00f3n, como tambi\u00e9n a ejecutivos experimentados. El servicio es absolutamente ajustado a las necesidades y requerimientos de cada uno de nuestros clientes.<\/p>\n<p><strong>\u00bfPor qu\u00e9 tomar una asesor\u00eda en empleabilidad?<\/strong><\/p>\n<p>a) Ayuda a evitar una posible crisis personal, familiar y profesional que puede producirse a causa de la desvinculaci\u00f3n, trasformando el proceso en una oportunidad de desarrollo profesional y personal.<\/p>\n<p>b) Te permitir\u00e1 analizar todas las opciones para la planificaci\u00f3n de su vida profesional, familiar y social, con la posibilidad de desarrollar y emprender un plan de nuevas actividades.<\/p>\n<p>c) Colaborar\u00e1 en reducir el tiempo de desempleo, logrando una m\u00e1s r\u00e1pida reubicaci\u00f3n en el mercado laboral, teniendo entrenamiento en las t\u00e9cnicas m\u00e1s efectivas para la b\u00fasqueda de un nuevo trabajo, desenvolverse apropiadamente en las entrevistas de empleo, elaborar un curr\u00edculo vitae sobresaliente, y sobre todo, fortalecer la autoestima y personalidad.<\/p>\n<p><\/p>\t\t\t\t\t\t\t\t<\/div>\n\t\t\t\t<\/div>\n\t\t\t\t\t<\/div>\n\t\t<\/div>\n\t\t\t\t\t<\/div>\n\t\t<\/section>\n\t\t\t\t\t<\/div>\n\t\t<\/div>\n\t\t\t\t\t<\/div>\n\t\t<\/section>\n\t\t\t\t<\/div>\n\t\t","protected":false},"excerpt":{"rendered":"<p>Asesor\u00eda de Empleabilidad Las contingencias pueden ser una oportunidad, prep\u00e1rate para un cambio laboral. Entregamos asesor\u00eda, apoyo y orientaci\u00f3n a las personas que est\u00e1n pensando en incorporarse en el mercado laboral y desean fortalecer su imagen. De igual forma, se orienta a quienes se encuentran en transici\u00f3n laboral. Nuestro programa busca acompa\u00f1ar, tanto a profesionales [&hellip;]<\/p>\n","protected":false},"author":1,"featured_media":0,"parent":0,"menu_order":0,"comment_status":"closed","ping_status":"closed","template":"","meta":{"footnotes":""},"class_list":["post-261","page","type-page","status-publish","hentry"],"_links":{"self":[{"href":"https:\/\/growtalent.cl\/index.php\/wp-json\/wp\/v2\/pages\/261","targetHints":{"allow":["GET"]}}],"collection":[{"href":"https:\/\/growtalent.cl\/index.php\/wp-json\/wp\/v2\/pages"}],"about":[{"href":"https:\/\/growtalent.cl\/index.php\/wp-json\/wp\/v2\/types\/page"}],"author":[{"embeddable":true,"href":"https:\/\/growtalent.cl\/index.php\/wp-json\/wp\/v2\/users\/1"}],"replies":[{"embeddable":true,"href":"https:\/\/growtalent.cl\/index.php\/wp-json\/wp\/v2\/comments?post=261"}],"version-history":[{"count":10,"href":"https:\/\/growtalent.cl\/index.php\/wp-json\/wp\/v2\/pages\/261\/revisions"}],"predecessor-version":[{"id":565,"href":"https:\/\/growtalent.cl\/index.php\/wp-json\/wp\/v2\/pages\/261\/revisions\/565"}],"wp:attachment":[{"href":"https:\/\/growtalent.cl\/index.php\/wp-json\/wp\/v2\/media?parent=261"}],"curies":[{"name":"wp","href":"https:\/\/api.w.org\/{rel}","templated":true}]}}

Asesoría de Empleabilidad

<div data-elementor-type="wp-page" data-elementor-id="261" class="elementor elementor-261" data-elementor-post-type="page">
						<section class="elementor-section elementor-top-section elementor-element elementor-element-f28885b elementor-section-boxed elementor-section-height-default elementor-section-height-default" data-id="f28885b" data-element_type="section" data-e-type="section" data-settings="{&quot;background_background&quot;:&quot;slideshow&quot;,&quot;background_slideshow_gallery&quot;:[{&quot;id&quot;:169,&quot;url&quot;:&quot;https:\/\/growtalent.cl\/wp-content\/uploads\/2023\/03\/dc7eca5bb28a9adafe12b82821cf2961-scaled.jpg&quot;}],&quot;background_slideshow_loop&quot;:&quot;yes&quot;,&quot;background_slideshow_slide_duration&quot;:5000,&quot;background_slideshow_slide_transition&quot;:&quot;fade&quot;,&quot;background_slideshow_transition_duration&quot;:500}">
							<div class="elementor-background-overlay"></div>
							<div class="elementor-container elementor-column-gap-default">
					<div class="elementor-column elementor-col-100 elementor-top-column elementor-element elementor-element-ae012a0" data-id="ae012a0" data-element_type="column" data-e-type="column">
			<div class="elementor-widget-wrap">
							</div>
		</div>
					</div>
		</section>
				<section class="elementor-section elementor-top-section elementor-element elementor-element-7c441adf elementor-section-full_width elementor-section-height-default elementor-section-height-default" data-id="7c441adf" data-element_type="section" data-e-type="section">
						<div class="elementor-container elementor-column-gap-default">
					<div class="elementor-column elementor-col-100 elementor-top-column elementor-element elementor-element-61605301" data-id="61605301" data-element_type="column" data-e-type="column">
			<div class="elementor-widget-wrap elementor-element-populated">
						<section class="elementor-section elementor-inner-section elementor-element elementor-element-5ba4126 elementor-section-boxed elementor-section-height-default elementor-section-height-default" data-id="5ba4126" data-element_type="section" data-e-type="section">
						<div class="elementor-container elementor-column-gap-default">
					<div class="elementor-column elementor-col-100 elementor-inner-column elementor-element elementor-element-12000e12" data-id="12000e12" data-element_type="column" data-e-type="column">
			<div class="elementor-widget-wrap elementor-element-populated">
						<div class="elementor-element elementor-element-333dc0e4 elementor-drop-cap-yes elementor-drop-cap-view-default elementor-widget elementor-widget-text-editor" data-id="333dc0e4" data-element_type="widget" data-e-type="widget" data-settings="{&quot;drop_cap&quot;:&quot;yes&quot;}" data-widget_type="text-editor.default">
				<div class="elementor-widget-container">
									<p></p>
<p></p>
<p></p>
<h4 class="wp-block-heading">Asesoría de Empleabilidad</h4>
<p></p>
<p>Las contingencias pueden ser una oportunidad, prepárate para un cambio laboral.</p>
<p>Entregamos asesoría, apoyo y orientación a las personas que están pensando en incorporarse en el mercado laboral y desean fortalecer su imagen. De igual forma, se orienta a quienes se encuentran en transición laboral. Nuestro programa busca acompañar, tanto a profesionales que cambian por primera vez de organización, como también a ejecutivos experimentados. El servicio es absolutamente ajustado a las necesidades y requerimientos de cada uno de nuestros clientes.</p>
<p><strong>¿Por qué tomar una asesoría en empleabilidad?</strong></p>
<p>a) Ayuda a evitar una posible crisis personal, familiar y profesional que puede producirse a causa de la desvinculación, trasformando el proceso en una oportunidad de desarrollo profesional y personal.</p>
<p>b) Te permitirá analizar todas las opciones para la planificación de su vida profesional, familiar y social, con la posibilidad de desarrollar y emprender un plan de nuevas actividades.</p>
<p>c) Colaborará en reducir el tiempo de desempleo, logrando una más rápida reubicación en el mercado laboral, teniendo entrenamiento en las técnicas más efectivas para la búsqueda de un nuevo trabajo, desenvolverse apropiadamente en las entrevistas de empleo, elaborar un currículo vitae sobresaliente, y sobre todo, fortalecer la autoestima y personalidad.</p>
<p></p>								</div>
				</div>
					</div>
		</div>
					</div>
		</section>
					</div>
		</div>
					</div>
		</section>
				</div>

<p>Asesoría de Empleabilidad Las contingencias pueden ser una oportunidad, prepárate para un cambio laboral. Entregamos asesoría, apoyo y orientación a las personas que están pensando en incorporarse en el mercado laboral y desean fortalecer su imagen. De igual forma, se orienta a quienes se encuentran en transición laboral. Nuestro programa busca acompañar, tanto a profesionales [&hellip;]</p>
